= h - -19. Suppose 6*j - q*j + 413 = 0. Calculate the remainder when j is divided by 13.
7
Let t(n) be the second derivative of -12*n**2 + 1/20*n**5 + 0 + 7/6*n**3 - 11/12*n**4 + 8*n. Calculate the remainder when t(11) is divided by 11.
9
Let w = 12395 - 3499. Calculate the remainder when w is divided by 31.
30
Suppose 0 = k - 41 - 9. Suppose 2*l = -4*x + 344 + 6, 0 = x + 5*l - 74. Calculate the remainder when x is divided by k.
39
Let m be (136/10 - 0) + 2/5. Let k = 22 - m. Let j(f) = -f**3 + 8*f**2 + 7*f - 6. Calculate the remainder when j(k) is divided by 26.
24
Let m = 3955 - 3649. Calculate the remainder when m is divided by 216.
90
What is the remainder when 29 is divided by (40/(-15) + 0)*(3 - 4 - 5)?
13
Suppose 3*s - 5*s + n + 539 = 0, -s - 2*n + 267 = 0. What is the remainder when 442 is divided by s?
173
Let b(y) = -4*y - 6. Let a be 17242/26 - (-138)/(-897). What is the remainder when 18486/a + 4/34 is divided by b(-6)?
10
Let w = 31 + -31. Suppose w*o + o - 5 = 0. Suppose -o*r + 244 = j, 4*j + 17 = -2*r + 111. What is the remainder when r is divided by 13?
10
Let x = 2 + 0. What is the remainder when 4 - -6*22/4 is divided by (-18)/36*(-60)/x?
7
Let k(n) = 5*n + 8. Suppose -12*m - 43*m = -550. Let f(s) = -s**3 + 14*s**2 - 37*s - 13. Calculate the remainder when k(8) is divided by f(m).
14
Suppose c + 14 = -o, -4*o - o - c - 50 = 0. Let h = 5 + -4. Calculate the remainder when (12/9 - h)*o + 55 is divided by 6.
4
Suppose -130*f = 212*f + 3904 - 23740. Calculate the remainder when 1053 is divided by f.
9
What is the remainder when (-2782)/(-130) - 22 - ((-1666)/10 + -2) is divided by 62?
44
Suppose 0 = -3*u - 3, -4*u + 0*u - 127 = -3*q. Suppose q + 88 = 3*z. Let r = 7 + 6. Calculate the remainder when z is divided by r.
4
Let u be 1 + 114 - (0 - -1). Suppose -3*y + u = -y. What is the remainder when y is divided by (-12430)/(-1045) - (-2)/19?
9
Let n(s) = -6*s**3 - 5*s**2 - s - 3. Let m be n(-4). What is the remainder when (m/20)/((6/8)/3) is divided by 24?
13
Let m = 19 - -36. Let c(u) = 147*u + 7651. Calculate the remainder when m is divided by c(-52).
6
Let b be 28/(-6)*(-648)/(-252)*-32. Suppose -b = -66*h + 54*h. Calculate the remainder when h is divided by 10.
2
Let c(r) = 3*r**2 + 4*r. Calculate the remainder when 1618 is divided by c(2).
18
Let x = -4456 - -4474. What is the remainder when 176 is divided by x?
14
Suppose 0 = -k - 8*k + 54. Calculate the remainder when (-102)/(-4)*(532/(-21))/(-19) is divided by k.
4
Suppose -3*b + 3789 - 3399 = 2*f, 2*b = -2*f + 394. Calculate the remainder when f is divided by 36.
21
Let g(u) = u**3 + 2*u**2 - 13*u + 12. Suppose -1 = -15*d + 59. What is the remainder when 277 is divided by g(d)?
53
What is the remainder when ((-38850)/(-245))/((-22)/(-7) - 2 - 1) is divided by 68?
22
Let v = -164 + 179. Let h(l) = 20*l + 2. Let x = 6 + -1. Calculate the remainder when h(x) is divided by v.
12
Suppose -5 + 3 = -t. Suppose -t*y - 51 + 195 = 0. Let k = y + -50. Calculate the remainder when 87 is divided by k.
21
Let f be (290/25)/((-2)/(-10)). Let i = 158 - f. Let a = -77 + i. Calculate the remainder when 64 is divided by a.
18
Calculate the remainder when ((-2)/(-6))/(-1 - (-5706)/5697) is divided by 20.
11
Let n = -29417 - -29532. Calculate the remainder when n is divided by 62*(1 - 0/2).
53
Let d(l) = -l**3 - 8*l**2 - 19*l - 10. Let p be d(-4). Suppose -3*j = 5*c - 51, p*j - 42 = -3*c + 4*j. What is the remainder when 32 is divided by c?
8
Let v be (36/3)/(-4) - -16. Suppose -10*d + 299 = v*d. Let t = 233 - 157. What is the remainder when t is divided by d?
11
Let o(q) = -2*q**3 - 250*q**2 + 240*q - 1417. Calculate the remainder when o(-126) is divided by 1/2*4 + 26.
11
Let b be (3 + 1419/12)*4. Let y = b - 471. Calculate the remainder when 34 is divided by y.
6
Let a = 52 + -25. Let x(p) = 10*p**2 + 143*p + 288. Let o be x(-2). Suppose -26*f = -a*f + o. Calculate the remainder when 123 is divided by f.
39
Let u(b) be the third derivative of -b**5/60 + 11*b**4/24 - 11*b**3/6 + 181*b**2. What is the remainder when 37 is divided by u(8)?
11
Suppose -2*q = r - 20, -47*q + 48*q = 5*r - 89. Suppose r*i - 23*i = 4*l - 254, -4*i = 8. Calculate the remainder when l is divided by 17.
15
Let d be 19272/(-77) + 4/14. Let h = d - -360. Suppose -h - 1012 = -11*g. What is the remainder when g is divided by 27?
21
Suppose 312 = 4*i - 436. What is the remainder when i is divided by 27?
25
Suppose -3*c + 0*c + 8 = 2*b, -5*b = 3*c - 20. Suppose c = 13*w - 9*w - 96. What is the remainder when 165 is divided by w?
21
Suppose -7*b = 10*b - 2227. Let o = b + 16. What is the remainder when o is divided by 47?
6
Let f = 18276 + -17918. What is the remainder when f is divided by 241?
117
Suppose 2*k = 3*p - 98 - 39, -2*p + 3*k = -93. Suppose 2 = 8*u + 50. Let g(l) = -5*l - 14. Calculate the remainder when p is divided by g(u).
13
Let j = 619 - 298. Let q = -189 + j. Calculate the remainder when q is divided by (-298)/(-20) + (-15)/(-150).
12
Let j(d) = -12*d + 86. Let w be j(7). Suppose -k + 6*k - 180 = 5*h, k = -w*h + 30. What is the remainder when 200 is divided by k?
30
Suppose 0 = -2*l + 6*l - 12, -3*m + 1437 = -l. What is the remainder when m is divided by 146?
42
Calculate the remainder when 2025 is divided by ((-570)/(-190))/((-3)/(-1007)).
11
Suppose -6*g + 0 = -24. Suppose -2*p = -g*p + 42. What is the remainder when 80 is divided by p?
17
Suppose 0 = b - y - 7, -3*b - y + 23 = -6*y. Suppose 27*n - b*n = 735. Calculate the remainder when 96 is divided by n.
26
Suppose 2*r - 3*d + 0 - 78 = 0, 3*d = -4*r + 174. Let k = 50 - r. Suppose 0 = k*b - 15*b + 238. Calculate the remainder when b is divided by 9.
7
Suppose -279*y + 33152 - 32795 = -333048. Calculate the remainder when y is divided by 13.
12
Let s(x) = -3*x + 1. Let n(z) = 25*z + 48. Let l(q) = n(q) + 6*s(q). What is the remainder when l(17) is divided by 25?
23
Suppose -5*r - 112 = -2*l - r, 5*r - 112 = -2*l. Suppose -b = -9*b - l. Let f = 151 - b. What is the remainder when f is divided by 32?
30
Let s = 0 - -5. Let m be -4 + (-61 - 1*(-1 - 1)). Let i = -39 - m. What is the remainder when i is divided by s?
4
Calculate the remainder when (2 - 1)/(1/311) is divided by 151.
9
Suppose -22*v = -2318 - 3006. Calculate the remainder when v is divided by 13.
8
What is the remainder when 501 is divided by (-5)/((-20)/(-56)*-1)?
11
Suppose -3*h + 240 = -2*w - 132, -2*w = -4*h + 494. Suppose 5*m - 42 = 3*m + 3*y, -40 = -2*m + 2*y. What is the remainder when h is divided by m?
14
Suppose 66 = 10*h - 12*h. Let r = 30 + h. What is the remainder when 21 is divided by (-48)/15*((-45)/(-6))/r?
5
Suppose -2*p - 5*i + 134 = 0, -i + 3 = 5. Suppose -h + 30 = k, -5*h + p = -k - 54. What is the remainder when h is divided by 26?
0
Let m = 316 + -291. Calculate the remainder when 634 is divided by m.
9
Suppose -119*a = -21660 - 10066 - 1475. Calculate the remainder when 726 is divided by a.
168
Suppose 5*x + j = 3, -2*j = 3*x + 3*j - 15. Suppose 0*g - g + 51 = x. What is the remainder when g is divided by (-12)/(-66) - (-1551)/121?
12
Let t(u) = 29*u + 22. Let p(n) = -43*n - 33. Let s(k) = -5*p(k) - 7*t(k). Calculate the remainder when s(3) is divided by ((-2)/(-5))/(1/60).
23
Let w = -26863 + 27450. What is the remainder when w is divided by 55?
37
Suppose 17*r + 22193 = 23315. Calculate the remainder when 987 is divided by r.
63
Suppose 0 = 4*v + 3*b - 184, -138 = v - 4*v + 2*b. Suppose 2*u = -5*o + 50, -4*o = 5*u - 2*u - 47. What is the remainder when v is divided by o?
6
What is the remainder when 9307 is divided by 405 - 333 - (1 - -1)?
67
Let j = -291 + 321. Suppose 94 + j = 4*x. Calculate the remainder when 120 is divided by x.
27
Let j = -5020 - -5051. What is the remainder when 213 is divided by j?
27
Suppose j = -11*d + 611, -5*j = -5*d - 2*j + 257. Calculate the remainder when 10393 is divided by d.
53
Suppose -3*y = o - 165, 0 = -3*o - 4*y + 963 - 453. What is the remainder when 346 is divided by o?
172
Suppose -10*z + 55 = -9*z. What is the remainder when 597 is divided by z?
47
Let v = 24076 + -23840. What is the remainder when 12505 is divided by v?
233
Suppose -442*t = -439*t - 57. Suppose -440 = 11*l - t*l. Let y = 8 - -11. Calculate the remainder whe